er when 86 is divided by a.
28
Let k(l) = 2*l - 2. Let r be k(-2). Let s be (14/r)/((-1)/(-3)). Let x = s - -17. Calculate the remainder when 19 is divided by x.
9
Let c(x) = -6*x - 1. What is the remainder when 33 is divided by c(-3)?
16
Let x(l) = l**2 + 3*l. Let g be (-1668)/(-8) - (-2)/(-4). Suppose 0*j - 4*j = -g. What is the remainder when j is divided by x(-6)?
16
Let c = -10 + 7. Let g(x) = -18*x - 3. What is the remainder when g(c) is divided by 18?
15
Suppose -24 = -9*n + 3. What is the remainder when n is divided by 3?
0
Let c(g) = 2*g - 3. What is the remainder when 33 is divided by c(10)?
16
Suppose 2*w = -2*w + 36. Let b = -7 + w. Calculate the remainder when 4/6 - 4/(-3) is divided by b.
0
Suppose 177 = h + 60. Calculate the remainder when 2/(-13) - (-4230)/h is divided by 10.
6
Let x(t) = -77*t - 1. Let s be x(-1). Suppose 5*y = -q - 3*q + s, -3*y - q + 47 = 0. Calculate the remainder when (-1 + -45)*-1 + 1 is divided by y.
15
Let p(z) = -4*z + 2. Let v(d) = -d**3 + 8*d**2 - 3*d + 1. Calculate the remainder when v(7) is divided by p(-2).
9
Suppose 14*q - 10*q - 56 = 0. Let n(k) = -k**3 - 3*k**2 - 5*k - 7. What is the remainder when n(-5) is divided by q?
12
Suppose 44 = 3*m - 121. Let y(q) = 3*q**3 - 2*q**2 + 2*q - 2. Let h be y(2). What is the remainder when m is divided by (h - -1)/(-1 + 2)?
17
Let f(m) = -m**3 + 8*m**2 + 3*m - 6. What is the remainder when f(8) is divided by 5?
3
Suppose 3*t = 5*w + 6*t - 45, t = 5*w - 45. What is the remainder when w is divided by 3?
0
What is the remainder when 28 is divided by ((-20)/(-5) + 1)*2?
8
Let z(n) = -3*n**2 - 10*n - 10. Let a(l) = -2*l**2 - 9*l - 9. Let d(s) = 4*a(s) - 3*z(s). Calculate the remainder when d(9) is divided by 11.
10
Suppose 7*r = 2*r - 3*c - 220, 88 = -2*r - 4*c. Calculate the remainder when 13 is divided by (-16)/(-24) + r/(-6).
5
Let u(b) = -7*b**3 + 2*b**2 - 2*b + 1. Let m be u(1). Let l(s) = -s**2 - 5*s + 7. What is the remainder when -2*1 + 12*(-8)/(-32) is divided by l(m)?
0
Suppose -2*n - 105 = -7*n. What is the remainder when 41 is divided by n?
20
Let p = 13 - -9. Calculate the remainder when p is divided by 8.
6
Let f = 40 + 2. What is the remainder when f is divided by 11?
9
Suppose 19*j - 112 - 97 = 0. Calculate the remainder when 20 + 2 + (-3 - 0) is divided by j.
8
Suppose 2*y = -2*y - 4. Calculate the remainder when -5 - y - (-34)/2 is divided by 7.
6
Let l = -4 - -34. What is the remainder when ((-64)/(-3))/(10/l) is divided by 17?
13
Let s(y) = -y**2 - 5*y - 4. Let b(v) = -v**2 + 9*v + 2. Let u be b(9). Let k be 1 + (-2 - u) + 0. What is the remainder when s(k) is divided by 1?
0
Calculate the remainder when 54 is divided by 12*(-1 + 2) + 2.
12
Suppose -317 + 72 = -7*c. What is the remainder when c is divided by 18?
17
Let d = -131 - -260. What is the remainder when d is divided by 33?
30
Let r(b) = b + 2. Suppose 0 = m + 4*z - 9*z + 5, 30 = 4*m + 5*z. Calculate the remainder when 18 is divided by r(m).
4
Suppose 2*y - 5 = -1. What is the remainder when 3 is divided by y?
1
Let x(j) = -j**3 - 7*j**2 + 6*j + 9. Suppose -9 = -4*q + q, 5*y - 3*q = -49. Let h = -16 - -89. What is the remainder when h is divided by x(y)?
23
Suppose -3*x + 76 = 5*n, -n = 2*x + x - 8. What is the remainder when 67 is divided by n?
16
Let t(d) = -14*d + 11. What is the remainder when t(-5) is divided by 12?
9
Let a = -93 - -107. Calculate the remainder when (-148)/(-6) - 6/(-18) is divided by a.
11
Calculate the remainder when 173 + (-3 - -4)*(0 - 1) is divided by 25.
22
Suppose -16 = 5*p - 7*p. Let i(s) = -22*s - 1. Let q be i(-1). Suppose -2*v + 3*v - q = 0. Calculate the remainder when v is divided by p.
5
Let a(d) = -2*d**3 + d**2 - 1. Let c be a(-1). Suppose 70 = c*i + 3*i. Suppose 3*v = -5 - 4, j = 4*v + 20. What is the remainder when i is divided by j?
6
Let n(l) = -1 + 4*l - 2*l - 6*l - 5. Let g be n(6). What is the remainder when g/(-4)*(-2)/(-3) is divided by 2?
1
Suppose -2*j + 4*g = 0, -4*g - 9 = 2*j + g. Let f be 5 + -3 + j + 5. Suppose 14 + 6 = f*s. Calculate the remainder when 7 is divided by s.
3
Let l be 55 - (3 + 3 + -3). Suppose -l - 3 = -5*f. Calculate the remainder when 30 is divided by f.
8
Suppose 33 = 4*i - i. Calculate the remainder when 30 is divided by i.
8
Let l(u) = 18*u - 1. Let m be ((-6)/5)/(-3)*5. Suppose -2*f + 36 = f. Calculate the remainder when l(m) is divided by f.
11
Suppose 4*f = 30 + 26. Suppose 0 = -5*s + 2*g + 205, s + 7 - 21 = -5*g. Calculate the remainder when s is divided by f.
11
Suppose -4*u + 9 = 2*j + 3*j, -3*u = 2*j + 2. Let a = j - -3. Calculate the remainder when a is divided by 3.
2
Let d = 18 - 14. Suppose w - d = -w. What is the remainder when 6 is divided by w?
0
Suppose -7*m + 30 = -376. Calculate the remainder when m is divided by 30.
28
Suppose -2*h + 2*a = -18, 5*a = 3*h - 39 + 2. Suppose 40 = g + h*g. What is the remainder when (-1)/3 - 368/(-24) is divided by g?
7
Let p = 9 + -6. Suppose b = 2*s - p*s - 17, -b - 71 = 4*s. What is the remainder when 7 is divided by (3/9)/((-2)/s)?
1
Let x(w) = -w + 11. Let n be x(9). Let l = 0 + n. Suppose -3*b + 29 = -2*r, -b + 4*r = l*b - 19. Calculate the remainder when 37 is divided by b.
11
Let x(q) be the second derivative of q**5/20 - 5*q**4/3 + 11*q**3/3 - 4*q**2 + 10*q. Calculate the remainder when x(19) is divided by 10.
9
What is the remainder when (-274)/(-10) - (-4)/(-10) is divided by 0 + 0 - -1 - -13?
13
Let m = 24 + -12. Let u = -1 - -3. What is the remainder when 40/2 - (-4 + u) is divided by m?
10
Let q(x) = 12*x**2 - x + 1. Suppose 3*d - 8 - 4 = 0. Suppose -5*l = -l - d. Calculate the remainder when 35 is divided by q(l).
11
Let z = 30 - -19. Calculate the remainder when z is divided by 17.
15
Let a(c) = -c**2 - 12*c - 7. What is the remainder when a(-6) is divided by 10?
9
Let s = 68 + -36. Calculate the remainder when 91 is divided by s.
27
Let i = 25 - 12. What is the remainder when (-1)/3 - 988/(-39) is divided by i?
12
Suppose 12 = 2*t + t. Suppose 2*x - 2*v + t = 0, -2*x + 24 = -0*x + 5*v. Let r = 3 - 1. What is the remainder when r is divided by x?
0
Suppose -5*l - 5*n = -135, 87 = -0*l + 3*l - 3*n. Let q be (5 + -2)/(6/l). Suppose -u + q = -0*u. Calculate the remainder when 40 is divided by u.
12
Suppose 144 = 4*f - 5*a, -12 + 20 = -2*a. Calculate the remainder when f is divided by -33*(-1 + (-2)/(-3)).
9
Suppose -29 = o - 5*t, 2*t + 4 = 2*o + 22. Let z = -1 - o. Suppose 4*f = -z*v + 75, 4*v - 3*f - 96 = v. Calculate the remainder when v is divided by 15.
14
Let m = -36 - -22. Calculate the remainder when m/42 - (-67)/3 is divided by 8.
6
Let u(k) = -k**2 + 7*k + 2. Calculate the remainder when 9 is divided by u(7).
1
Suppose 2*i - 62 = i - 3*d, d = i - 42. Let z = i + -30. Suppose -3*s = -28 - 119. Calculate the remainder when s is divided by z.
15
Let w(b) = 5*b - 13. Calculate the remainder when 48 is divided by w(6).
14
Suppose -2*s + 240 = -6*s. Calculate the remainder when 54 is divided by 4/(s/(-14) - 4).
12
Suppose -39 = -w - u, 3*u = -0*w + 5*w - 195. What is the remainder when 77 is divided by w?
38
Suppose -30 = 2*j + 2*i, 0 = 3*j + 2*i - 7*i + 5. Let l = -7 - j. Suppose -26 = -4*d + b, -4*b = -d - l*d + 20. What is the remainder when 13 is divided by d?
6
Let x = 168 + -157. Let t = 3 + 4. Calculate the remainder when x is divided by t.
4
Suppose -2*d + 7*d = -20, -3*g = -d - 103. What is the remainder when 59 is divided by g?
26
Let p(l) = -l**2 + 7*l + 10. Calculate the remainder when 157 is divided by p(6).
13
Let v = 13 - 17. Calculate the remainder when 27 is divided by ((-24)/4)/(v/10).
12
What is the remainder when 35 is divided by (36/15)/(3/15)?
11
Let i = 6 + -12. Let m(f) = f**2 - 6*f - 3. Let y be m(6). What is the remainder when y/i*-2*-19 is divided by 7?
5
Suppose -3*q - 155 = -4*q + 3*v, -2*q + 5*v = -308. Calculate the remainder when q is divided by 31.
25
Let x = -1 + 6. What is the remainder when (x + -2)*(-21)/(-9) is divided by 5?
2
Suppose -2*g + 2*a = 1 - 91, -4*a - 94 = -2*g. What is the remainder when g is divided by 24?
19
Let u be ((-444)/(-30))/(1/5). Let o = -48 + u. What is the remainder when o is divided by 9?
8
Suppose 5 = 5*h - 5*n, 2*h - 3*h = -2*n - 1. Let i(j) = 5*j**2 + 2*j - 1. What is the remaind